 j be d(24). Suppose j*g - 11*g + 3297 = 0. What are the prime factors of g?
3, 157
Let d(h) = 5 - 11 - 11 - 19*h - 22. List the prime factors of d(-6).
3, 5
Suppose -5*m + 2*w = -354, 8*w - 3*w = 15. Let r(o) = 329*o - 1149. Let u be r(4). Let p = u - m. What are the prime factors of p?
5, 19
Suppose 252056 = 4*j + 5*v, -3*j - 47*v + 189004 = -48*v. List the prime factors of j.
2, 19, 829
Let x(y) = 2876*y + 1131. List the prime factors of x(8).
101, 239
Let u(g) = -29*g**2 - 6*g + 5. Let i be u(2). Let m = -120 - i. Suppose 0 = 2*k - b - m*b - 542, -5*k - 3*b + 1381 = 0. What are the prime factors of k?
5, 11
Suppose -5*n + 10 = 0, 2*n + 1101 = 3*c - n. Let k = -237 + c. What are the prime factors of k?
2, 3, 11
Let w(r) be the third derivative of 181*r**4/8 - 7*r**3/3 + 3*r**2 - 38. List the prime factors of w(1).
23
Let w(y) = -78*y**3 - 17*y**2 - 4*y + 56. List the prime factors of w(-7).
5, 7, 743
Suppose 2*b - 3*b = m, 0 = -4*m + b + 10. Suppose -m*p + 4*j = -0*j - 514, 1275 = 5*p - 5*j. Let w = p - 173. List the prime factors of w.
2, 5
Suppose 24*y - 394 - 206 = 0. Suppose 0*q + y*q = 6500. List the prime factors of q.
2, 5, 13
Let t = -165 - -150. Let f(l) be the first derivative of -9*l**2/2 + 25*l + 4. List the prime factors of f(t).
2, 5
Suppose -47*z + 442706 = -4*z - 21*z. List the prime factors of z.
20123
Suppose 6137*v + 23275 = 6186*v. List the prime factors of v.
5, 19
Let c(j) = 3 - 15*j + 18*j + 3. Let s be c(-4). List the prime factors of (-222)/s + 3 + -1.
3, 13
Let p = 5 - -18. Let u = 31 - p. What are the prime factors of (0 - 2)*(-52)/u?
13
Suppose -110*f + 47*f + 4877224 = 146*f. What are the prime factors of f?
2, 2917
Let m be 123*(987/(-6))/((-9)/(-174)). List the prime factors of 1/4 - m/188.
2081
Let x be (-3 - (-66)/4) + 3/6. Let y(d) = -3*d - 31. Let c be y(x). Let q = 141 + c. What are the prime factors of q?
2, 17
Let f(l) = -28*l**3 + 5*l**2 + 12*l - 4. Let d(q) = q**3 - q**2 - q + 3. Let b(g) = 2*d(g) + f(g). List the prime factors of b(-2).
2, 101
Let v be (-17)/(9/(-45)*-1*1). Let n = 161 + v. Suppose -6*q + 15 = -q, -4*z = 4*q - n. What are the prime factors of z?
2
Let w be (-3 - 12/(-4))*(-1)/3. Suppose w = -4*h + 2408 - 584. What are the prime factors of (-6)/(-21)*1 - h/(-21)?
2, 11
Let l(i) be the third derivative of 25*i**4/12 - 10*i**3/3 + 18*i**2 + 2*i. List the prime factors of l(2).
2, 5
What are the prime factors of ((-27)/36 + (-299)/(-260))*108865?
2, 21773
Suppose -x = 2*x - 9. Suppose -x*w + 39 = -0*w. Suppose -w*r + 17*r = 252. What are the prime factors of r?
3, 7
Let p(z) = -262*z + 613. What are the prime factors of p(-12)?
13, 17
Let j(d) = 3*d + 28. Let y be j(-10). Let v(h) = h + 6. Let l be v(y). Suppose l*o = -6*o + 370. List the prime factors of o.
37
List the prime factors of 3/(81/6) + (2765854/117 - -16).
2, 2957
Let y = -66 - -142. Suppose 5*m + 96 - y = 0. Let n(x) = 3*x**2 - 5*x - 20. What are the prime factors of n(m)?
2, 3
Let r(q) = -11 + 22 + 2*q + 4*q - 12. Let a be r(1). Suppose -3*u + 5*p = -385, 4*p + 121 = u - a. What are the prime factors of u?
2, 5, 13
Let g(r) = -368*r + 636. What are the prime factors of g(-17)?
2, 1723
Let c be (-2 - 225) + (0/3)/1. Let n = 579 + c. What are the prime factors of n?
2, 11
Suppose 4*b - 346 - 550 = -4*d, 444 = 2*b + 3*d. Let r = b - 75. What are the prime factors of r?
3, 17
Let b be 64/6*(-2 + 568/(-16)). Let i = 389 - b. What are the prime factors of i?
3, 263
Let g(k) = k - 37. Let i be g(21). Let s be (5 - 5)/(-4) - i/(-2). What are the prime factors of (-20)/s*16/(-10) + 89?
5, 17
Let d = 3081 - 966. List the prime factors of d.
3, 5, 47
Suppose 30*c = 28*c + 52. Suppose -36 = -4*f + 2*l - 0*l, -3*l = 2*f - c. Let z = f - 5. What are the prime factors of z?
5
List the prime factors of (-5)/(-120) - (-18 - 3592043/312).
13, 887
Suppose -3*o - 59740 = -5*i, 4*o - 45 - 11880 = -i. List the prime factors of i.
5, 2389
Let i(c) = 4*c + 21. Suppose 6*d + 320 = 11*d. Suppose 2*y + 2*y = -5*x + d, 3*y + 3*x - 48 = 0. List the prime factors of i(y).
5, 17
Let z = -8888 + 9097. What are the prime factors of z?
11, 19
Let g(m) be the second derivative of -m**7/840 + m**6/40 + m**4/2 + 3*m**3/2 + 10*m. Let j(c) be the second derivative of g(c). List the prime factors of j(7).
2, 5, 11
Suppose -33*b + 42 = -12*b. What are the prime factors of (2/6)/(b - (-497)/(-249))?
83
List the prime factors of -1 - (-2617 - (10 - (4 + 0))).
2, 3, 19, 23
Suppose 0 = -q - 2*m + 14 + 97, 5*q - 583 = -3*m. Suppose 5*y + d = 599, d - q = 76*y - 77*y. What are the prime factors of y?
2, 3, 5
Let x(m) = 643*m**3 - 8*m**2 + 13*m - 3. What are the prime factors of x(2)?
5, 13, 79
Let u(m) = 377*m - 272. List the prime factors of u(12).
2, 1063
Let c(s) = 9548*s - 352. What are the prime factors of c(1)?
2, 11, 19
Let h = -734 + 745. Let k(u) = 19 - 5 - 16*u + u**3 - 9*u**2 + u + 2*u. What are the prime factors of k(h)?
113
Let j = 20 + -18. Suppose 7*m - 3042 = -j*m. Let a = m - 225. List the prime factors of a.
113
Suppose -2*y + 65 = -33. Let f = y - 92. List the prime factors of 2/8 - f/4.
11
Let p be (2 - (-10564)/10)/(21/210). Suppose 5*f - 17*f = -p. List the prime factors of f.
2, 3, 7
Let l(o) = -14*o - 171. Let w be l(-12). Let x(n) = 8*n**2 + 8*n + 8. List the prime factors of x(w).
2, 7
Let o = -88 - -91. Let r be (o - -19) + -1 - 2. Suppose r*k + 124 = 20*k. What are the prime factors of k?
2, 31
Let d = 339 + -354. What are the prime factors of ((-2035)/d)/((-3)/(-9))?
11, 37
Let k = 4257 + -725. List the prime factors of k.
2, 883
Let l(d) = 50*d**2 - 8*d + 9. Let b be l(4). Suppose -4*z - z = -w - 1295, 0 = -3*z + 3*w + b. List the prime factors of z.
7, 37
Let o(y) = y**3 - 11*y**2 + 8*y + 12. Let z be o(10). Let p be (-178)/z - 4 - 2/8. What are the prime factors of (0 - (-80)/12)*(0 + p)?
2, 3, 5
Let w = 72 + -66. Suppose 5*p - 3098 = w*p. List the prime factors of p/(-18) - (-6)/(-54).
2, 43
Let y(l) = -l**3 + 15*l**2 - 3*l + 12. Let z be y(12). Suppose 4*b = 2*b + z. List the prime factors of ((-1)/(-4)*-2)/((-2)/b).
3, 17
Let n be 1 - ((-2)/4 + 1854/(-12)). What are the prime factors of 24/n - 34992/(-26)?
2, 673
Suppose 18*m - 93250 = 141200. List the prime factors of m.
5, 521
What are the prime factors of 1/(-12) - (-229058935)/7140?
7, 4583
What are the prime factors of ((-27)/(-81))/(4/87060)?
5, 1451
Let k(v) = 71*v**2 - 3*v - 4. Suppose -m - 3*l = -2, 4*m - 3*l + 6 = -1. List the prime factors of k(m).
2, 5, 7
Let i = 32 - 27. Suppose -5*l - i*t + 5 = 0, 4*l - l = 2*t + 8. Suppose -36 = -q + 5*v + 21, 174 = 4*q - l*v. List the prime factors of q.
2, 3, 7
List the prime factors of (-27)/(3591/19912)*-371.
2, 53, 131
Let r = 748 + -1158. Let c = r - -913. What are the prime factors of c?
503
Suppose 5*u - 2727 = -3*l + 1343, -4063 = -3*l - 4*u. List the prime factors of l.
5, 269
Let f(i) = -i - 2. Let v(o) = 80*o + 64. Let k(u) = 96*f(u) + 3*v(u). List the prime factors of k(6).
2, 3
Let q = 32951 + -17173. List the prime factors of q.
2, 7, 23
Let w(m) = 283*m + 708. List the prime factors of w(38).
2, 11, 521
List the prime factors of 2/((6/(-20202)*21)/(306/(-4))).
3, 13, 17, 37
Let d(r) = -1634*r - 6562. List the prime factors of d(-6).
2, 1621
Let a = 44320 + -7102. List the prime factors of a.
2, 3, 6203
Let o(p) = 61*p + 1275. What are the prime factors of o(-17)?
2, 7, 17
Let k = 2035 + -5293. What are the prime factors of 24/3 + k/(-3)?
2, 547
Let u = 4605 + -2105. List the prime factors of u.
2, 5
Let k(m) = m**3 - 3*m**2 + m + 1. Let l be k(-3). Let g = l + 63. Suppose -u - 5*j + 0 = -g, 2*j + 38 = 3*u. List the prime factors of u.
2, 3
Let r(s) = 7*s**2 - 11*s + 421. List the prime factors of r(20).
3001
Let u = 28 - 16. Let b be -10*(-14)/(-35) - -10. List the prime factors of b*2/(u/135).
3, 5
Let n(w) = w**3 - 3*w**2 + 4*w - 2. Let i be n(2). Let d be i/(-1) - 2 - -4. Suppose -3*j + 201 + 192 = d. What are the prime factors of j?
131
Let z be 2 + -3 + -5 - -1296. Suppose -71*v + 65*v + z = 0. List the prime factors of v.
5, 43
Let m(g) = -2*g**2 + 46*g + 8. Let y be m(23). Suppose 0 = y*r - 11*r + 3480. Suppose 5*k - r = -130. What are the prime factors of k?
2, 103
Let u(z) be the first derivative of z**3/3 -